s -1111110 (base 2) in base 16?
-7e
Convert 59 (base 10) to base 16.
3b
What is -1 (base 5) in base 12?
-1
16 (base 10) to base 5
31
0 (base 12) to base 9
0
What is 6 (base 16) in base 12?
6
0 (base 9) to base 15
0
What is 1 (base 4) in base 14?
1
What is -97 (base 10) in base 6?
-241
Convert 10232 (base 4) to base 5.
2202
What is -4 (base 9) in base 7?
-4
Convert 51 (base 9) to base 7.
64
-18 (base 10) to base 8
-22
3 (base 16) to base 7
3
3 (base 13) to base 11
3
What is 3 (base 12) in base 13?
3
Convert 64 (base 8) to base 3.
1221
What is -25 (base 16) in base 7?
-52
-218 (base 10) to base 4
-3122
Convert -2 (base 4) to base 9.
-2
What is -5 (base 13) in base 4?
-11
Convert 0 (base 9) to base 3.
0
What is 35 (base 14) in base 12?
3b
Convert 12 (base 6) to base 3.
22
-e (base 16) to base 13
-11
What is 2 (base 5) in base 4?
2
Convert -2 (base 10) to base 11.
-2
Convert -6 (base 7) to base 15.
-6
d (base 14) to base 12
11
1 (base 6) to base 7
1
What is -31 (base 11) in base 7?
-46
Convert 11 (base 4) to base 2.
101
-7 (base 10) to base 15
-7
What is 5 (base 14) in base 6?
5
What is 10 (base 6) in base 7?
6
What is -1 (base 13) in base 12?
-1
What is -75 (base 11) in base 14?
-5c
2 (base 12) to base 16
2
Convert -10 (base 6) to base 15.
-6
What is -3 (base 14) in base 15?
-3
Convert 100101 (base 2) to base 9.
41
Convert -1115 (base 6) to base 11.
-21a
Convert 100 (base 4) to base 6.
24
What is 1 (base 16) in base 4?
1
Convert 1 (base 12) to base 7.
1
What is 0 (base 4) in base 15?
0
Convert 5 (base 10) to base 3.
12
Convert 1110 (base 4) to base 8.
124
Convert -12 (base 9) to base 13.
-b
What is 0 (base 3) in base 14?
0
What is -25 (base 8) in base 14?
-17
Convert 1002 (base 3) to base 14.
21
6 (base 9) to base 5
11
Convert -41 (base 8) to base 10.
-33
Convert 1110 (base 2) to base 12.
12
20 (base 8) to base 14
12
What is -1 (base 12) in base 4?
-1
What is 2 (base 15) in base 3?
2
Convert -13 (base 7) to base 9.
-11
-63 (base 9) to base 6
-133
What is -8 (base 9) in base 8?
-10
35 (base 11) to base 3
1102
Convert -101011 (base 2) to base 13.
-34
What is 18 (base 13) in base 5?
41
0 (base 13) to base 11
0
-3 (base 10) to base 11
-3
Convert 1101 (base 5) to base 14.
ab
Convert 18 (base 10) to base 6.
30
Convert 0 (base 16) to base 8.
0
12 (base 10) to base 14
c
Convert -423 (base 5) to base 9.
-135
7b (base 15) to base 10
116
29 (base 16) to base 11
38
Convert -1110 (base 3) to base 4.
-213
What is 1201 (base 3) in base 13?
37
What is 205 (base 10) in base 8?
315
Convert -2 (base 5) to base 2.
-10
What is 1 (base 3) in base 14?
1
Convert 122 (base 3) to base 4.
101
315 (base 7) to base 11
135
14 (base 7) to base 14
b
Convert -24 (base 6) to base 12.
-14
-244 (base 5) to base 10
-74
Convert -1 (base 8) to base 10.
-1
What is -20 (base 6) in base 14?
-c
Convert -20 (base 6) to base 10.
-12
What is 2 (base 3) in base 13?
2
Convert 2 (base 7) to base 8.
2
-322 (base 4) to base 2
-111010
Convert 11 (base 4) to base 12.
5
Convert -1110 (base 2) to base 5.
-24
Convert -10 (base 11) to base 14.
-b
Convert -2 (base 4) to base 15.
-2
What is -2 (base 10) in base 13?
-2
What is 21 (base 8) in base 12?
15
What is 130 (base 5) in base 11?
37
What is 84 (base 13) in base 16?
6c
-31 (base 4) to base 14
-d
What is 2 (base 14) in base 12?
2
What is -3 (base 14) in base 4?
-3
Convert 31 (base 5) to base 13.
13
Convert 0 (base 16) to base 3.
0
What is 2a (base 13) in base 8?
44
Convert a (base 16) to base 12.
a
What is 1000001 (base 2) in base 4?
1001
Convert -44 (base 5) to base 9.
-26
What is 111 (base 9) in base 4?
1123
Convert 107 (base 9) to base 4.
1120
What is -46 (base 13) in base 12?
-4a
-213 (base 5) to base 15
-3d
0 (base 8) to base 6
0
What is -2011 (base 3) in base 9?
-64
Convert -321 (base 7) to base 2.
-10100010
-5 (base 15) to base 13
-5
What is -113 (base 4) in base 8?
-27
Convert 29 (base 12) to base 5.
113
141 (base 8) to base 2
1100001
2 (base 11) to base 6
2
Convert 2 (base 4) to base 10.
2
What is 330 (base 5) in base 4?
1122
Convert -153 (base 6) to base 9.
-76
4 (base 10) to base 11
4
-2200 (base 3) to base 14
-52
38 (base 10) to base 14
2a
What is 21 (base 12) in base 15?
1a
What is -3 (base 6) in base 3?
-10
-2 (base 16) to base 12
-2
What is 40 (base 16) in base 14?
48
What is 3 (base 6) in base 15?
3
What is 1001101 (base 2) in base 16?
4d
Convert -1000101 (base 2) to base 6.
-153
1a2 (base 12) to base 4
10022
Convert -1 (base 2) to base 9.
-1
What is a (base 13) in base 11?
a
4 (base 11) to base 15
4
-115 (base 10) to base 8
-163
What is -3 (base 14) in base 4?
-3
Convert -46 (base 10) to base 12.
-3a
What is -b4 (base 16) in base 3?
-20200
What is 1 (base 13) in base 10?
1
324 (base 8) to base 15
e2
Convert 11 (base 4) to base 12.
5
-11 (base 3) to base 6
-4
What is -38 (base 9) in base 2?
-100011
-1 (base 14) to base 2
-1
Convert 1b (base 15) to base 13.
20
Convert -21 (base 9) to base 10.
-19
20212 (base 3) to base 13
113
-11 (base 7) to base 13
-8
-67 (base 10) to base 6
-151
10000011 (base 2) to base 12
ab
-30 (base 13) to base 15
-29
What is 1 (base 5) in base 8?
1
c (base 16) to base 10
12
Convert -204 (base 8) to base 4.
-2010
What is -8 (base 15) in base 10?
-8
What is -2 (base 6) in base 13?
-2
Convert -603 (base 8) to base 7.
-1062
What is -107 (base 16) in base 2?
-100000111
24 (base 7) to base 16
12
What is -1144 (base 6) in base 15?
-13a
300 (base 8) to base 11
165
Convert 5 (base 10) to base 15.
5
Convert 17 (base 8) to base 16.
f
Convert a4 (base 14) to base 8.
220
Convert 1b3 (base 14) to base 7.
1013
What is 1 (base 13) in base 16?
1
1d (base 14) to base 4
123
What is 1010 (base 2) in base 8?
12
-2 (base 8) to base 12
-2
-1001010 (base 2) to base 15
-4e
-133 (base 6) to base 13
-45
Convert -364 (base 9) to base 3.
-102011
Convert 2 (base 15) to base 9.
2
What is -118 (base 11) in base 14?
-a0
Convert 28 (base 11) to base 10.
30
Convert 415 (base 6) to base 11.
131
What is 2 (base 8) in base 2?
10
Convert -12 (base 16) to base 13.
-15
Convert 12 (base 7) to base 16.
9
Convert -112 (base 3) to base 7.
-20
Convert c (base 14) to base 9.
13
Convert 33 (base 10) to base 14.
25
What is -11 (base 2) in base 6?
-3
What is 23 (base 4) in base 3?
102
Convert -6 (base 9) to base 10.
-6
What is -23 (base 5) in base 15?
-d
Convert 1 (base 11) to base 9.
1
What is 1 (base 8) in base 10?
1
What is -7 (base 11) in base 5?
-12
Convert -7 (base 11) to base 8.
-7
Convert 3 (base 6) to base 13.
3
What is 122 (base 7) in base 16?
41
Convert 102 (base 9) to base 7.
146
Convert 2 (base 10) to base 6.
2
What is -b (base 14) in base 11?
-10
-40 (base 6) to base 14
-1a
-65 (base 12) to base 11
-70
What is 100 (base 2) in base 5?
4
-3 (base 15) to base 11
-3
Convert 11 (base 4) to base 7.
5
Convert 5 (base 15) to base 9.
5
What is 6 (base 7) in base 3?
20
-122 (base 3) to base 11
-16
What is -16 (base 10) in base 6?
-24
What is 2 (base 10) in base 5?
2
Convert 0 (base 4) to base 7.
0
Convert 10001011 (base 2) to base 13.
a9
What is 11101 (base 2) in base 16?
1d
Convert -1a (base 12) to base 6.
-34
What is 2 (base 6) in base 14?
2
Convert 12 (base 11) to base 15.
d
What is -2102 (base 4) in base 11?
-123
Convert 8 (base 12) to base 16.
8
What is -101 (base 2) in base 4?
-11
Convert 1 (base 14) to base 16.
1
What is 2 (base 6) in base 14?
2
Convert -145 (base 10) to base 12.
-101
-63 (base 15) to base 7
-162
Convert -8b (base 16) to base 4.
-2023
What is 20 (base 14) in base 8?
34
-3 (base 16) to base 3
-10
Convert 43 (base 9) to base 5.
124
What is 3 (base 15) in base 6?
3
What is 71 (base 11) in base 10?
78
Convert 2 (base 3) to base 2.
10
What is 1 (base 2) in base 13?
1
-126 (base 8) to base 5
-321
What is c7 (base 14) in base 12?
127
What is 1010 (base 4) in base 14?
4c
Convert 44 (base 10) to base 2.
101100
-2c (base 14) to base 16
-28
What is -105 (base 11) in base 12?
-a6
1 (base 8) to base 6
1
What is -11120 (base 3) in base 16?
-7b
What is -416 (base 7) in base 5?
-1314
Convert -2310 (base 5) to base 13.
-1c5
What is 84 (base 14) in base 3?
11022
Convert 10011 (base 2) to base 8.
23
What is 10000 (base 2) in base 12?
14
What is 144 (base 16) in base 3?
110000
What is 11 (base 6) in base 2?
111
Convert 103 (base 5) to base 3.
1001
5